7eb6?
-67eb3
In base 3, what is -2001020102 + -1001?
-2001021110
In base 10, what is 210 + 124421?
124631
In base 13, what is 343bbcb8 + 2?
343bbcba
In base 10, what is 1873034 - 1?
1873033
In base 9, what is -32 - 51268527?
-51268560
In base 13, what is -667ac2 - -57?
-667a68
In base 15, what is 237d150 + 3?
237d153
In base 5, what is -102231 - 302342?
-410123
In base 7, what is 615160452 - -3?
615160455
In base 7, what is -34256404 + -3?
-34256410
In base 10, what is 1303689 - 3?
1303686
In base 14, what is -15097 + -82?
-15139
In base 8, what is 71 - 30711?
-30620
In base 16, what is 863521 - 6c?
8634b5
In base 7, what is -313505166 + -10?
-313505206
In base 2, what is 110100001100010 - 1110100011101000?
-1000000010000110
In base 15, what is -1be - 3ab6?
-3c85
In base 6, what is 1043 + 1150212?
1151255
In base 9, what is 200730 + 382?
201222
In base 11, what is -70924 - -1117?
-6a808
In base 7, what is -25 + -162555?
-162613
In base 14, what is 4d6 - 2173?
-1a7b
In base 9, what is -26718 + 631?
-26077
In base 2, what is 11011001100100110101011100 - 1101?
11011001100100110101001111
In base 11, what is 67 - 392a9?
-39242
In base 2, what is -10010 + -10110110001?
-10111000011
In base 16, what is -818d65 + 1?
-818d64
In base 3, what is 120 - 21201001220?
-21201001100
In base 5, what is -111 + -223100?
-223211
In base 3, what is 1210111002220 + -11210?
1210110221010
In base 5, what is 44014300 - -23242?
44043042
In base 3, what is 1111 + -112200222021?
-112200220210
In base 14, what is 9 + -a54ca61?
-a54ca56
In base 16, what is -8915 + -e7?
-89fc
In base 2, what is -10111000111111100010 - -10111?
-10111000111111001011
In base 12, what is 476814 - -11?
476825
In base 5, what is -34441020214 - -4?
-34441020210
In base 12, what is -151 + -43332?
-43483
In base 2, what is -100010010010111010110 - -100?
-100010010010111010010
In base 6, what is 1 + -1153521505?
-1153521504
In base 8, what is -5 - 55730135?
-55730142
In base 7, what is 3102561 + 2242?
3105133
In base 10, what is -42222731 - -1?
-42222730
In base 4, what is 1321 - 313031233?
-313023312
In base 3, what is 1001111012 - -1222001?
1010110020
In base 13, what is -31ac35 + -3cb?
-31b333
In base 10, what is -243711249 + 0?
-243711249
In base 2, what is 10011100011 + 1001110101000001010?
1001110111011101101
In base 5, what is -101 - -22444412104?
22444412003
In base 5, what is -31 - -3312043?
3312012
In base 14, what is 1186a59 - 1?
1186a58
In base 12, what is -871 + 61b56?
612a5
In base 11, what is -203 - 5013?
-5216
In base 8, what is -1167 + -2322147?
-2323336
In base 15, what is 349bc42 + -5?
349bc3c
In base 2, what is 111000 + 110000000000000101?
110000000000111101
In base 10, what is -6223650 - -172?
-6223478
In base 11, what is 4 - 132976a6?
-132976a2
In base 9, what is 184271 + -10?
184261
In base 13, what is 7058 + -55?
7003
In base 4, what is -13110221 - -10202?
-13100013
In base 10, what is -80 + -37858?
-37938
In base 14, what is 2 + -4c4abb9?
-4c4abb7
In base 2, what is 101010101001 + 101001100100?
1010100001101
In base 15, what is 2ba1d7 + -7?
2ba1d0
In base 11, what is 262554220 - 3?
262554218
In base 11, what is 5 - 3959a265?
-3959a260
In base 5, what is -2124434130 - -10?
-2124434120
In base 7, what is -26 + -6604160?
-6604216
In base 4, what is -1203 + 13022230?
13021021
In base 14, what is -b8 - 3a48?
-3b22
In base 8, what is 233 + 161435?
161670
In base 10, what is -1048 - 116?
-1164
In base 3, what is -1102220 - 110001121?
-111111111
In base 8, what is -773615 - -11476?
-762117
In base 2, what is 110 + 11100110111011011111?
11100110111011100101
In base 3, what is -1020 + -1110102200102?
-1110102201122
In base 12, what is -10a + a2072?
a1b64
In base 4, what is -21 + 332331010?
332330323
In base 7, what is 3204566624 - -2?
3204566626
In base 10, what is -109035304 - -4?
-109035300
In base 11, what is -10 + -30402a81?
-30402a91
In base 11, what is 29a8 + a589a?
a8797
In base 10, what is -1 + 4904039?
4904038
In base 4, what is 1112122120 - -22322?
1112211102
In base 12, what is 59b91 + 38ab?
61880
In base 12, what is 99b1 + 75b?
a550
In base 15, what is 9 - -59b48?
59b52
In base 10, what is 325 + 19436?
19761
In base 14, what is -309 + 26d1d?
26a14
In base 6, what is 45 + -5554524?
-5554435
In base 16, what is -98638 - 31?
-98669
In base 11, what is -1490a + 2088?
-12832
In base 3, what is -2021020 + 101001?
-1220012
In base 3, what is -222000001010222 + 10?
-222000001010212
In base 9, what is -113463 - 10?
-113473
In base 8, what is 130677770 + 2?
130677772
In base 14, what is 3 + 114d935c?
114d9361
In base 15, what is -1152e + 15?
-11519
In base 9, what is 658 + 44165?
44834
In base 13, what is -a72b0 - -c?
-a72a1
In base 12, what is 241a4b3 - -5?
241a4b8
In base 6, what is 2520 + -115111?
-112151
In base 6, what is 2100105 + 102?
2100211
In base 2, what is -1110000 + -11100010111110111100?
-11100011000000101100
In base 10, what is 20871373 - -5?
20871378
In base 11, what is 1548a - -640?
1601a
In base 5, what is -441334440431 - -4?
-441334440422
In base 9, what is -264 + 1857318?
1857044
In base 4, what is -100021330 - 112?
-100022102
In base 4, what is -11232 - 10202221?
-10220113
In base 2, what is -10 - -110001011110010100101001?
110001011110010100100111
In base 7, what is 3 + -4513216445?
-4513216442
In base 6, what is -31522 + 244431?
212505
In base 2, what is -110100101011001011011110100 - -11?
-110100101011001011011110001
In base 15, what is 3741b + 954?
37d70
In base 2, what is -101111110111111101001111101 + -11?
-101111110111111101010000000
In base 7, what is 3 + 105501124?
105501130
In base 13, what is -26b14 - 2b4?
-270c8
In base 12, what is -5 + -76aa085?
-76aa08a
In base 6, what is 44 - 311044542?
-311044454
In base 12, what is -188 - -1920?
1754
In base 6, what is -2244235 + -341?
-2245020
In base 15, what is -3 + c965a8?
c965a5
In base 9, what is 1 - 76081866?
-76081865
In base 11, what is 5222616 + 1?
5222617
In base 5, what is 1 + -2100301244?
-2100301243
In base 6, what is 4 + 21454225?
21454233
In base 15, what is -95 - -814d?
80a8
In base 15, what is -19506 + 170?
-19386
In base 9, what is -4 - 3314187?
-3314202
In base 10, what is -32 - -578605?
578573
In base 7, what is 2345462 - -52?
2345544
In base 14, what is -3 + -d32d62?
-d32d65
In base 9, what is 610088 + -1077?
608011
In base 6, what is 22504422 + 344?
22505210
In base 2, what is 100001111000110110110 + -1111?
100001111000110100111
In base 5, what is -322 - 121033132?
-121034004
In base 6, what is 2133 - -5154511?
5201044
In base 13, what is -13 + -a927?
-a93a
In base 13, what is -882 - 2b44a?
-2bccc
In base 12, what is 149a521 - 34?
149a4a9
In base 5, what is -13442 - -302231?
233234
In base 13, what is 4 + 3513623?
3513627
In base 9, what is 27 + 1236161?
1236188
In base 2, what is 10011000110101101001 + -11?
10011000110101100110
In base 14, what is -61548b4 + -2?
-61548b6
In base 6, what is -2102 + -1050450?
-1052552
In base 13, what is -c381c - 11aa?
-c49c9
In base 9, what is 1 - 14214075?
-14214074
In base 3, what is 10021 - 110100202120020?
-110100202102222
In base 3, what is 120200010 + 1200121111?
2021021121
In base 8, what is -145336755 + -7?
-145336764
In base 8, what is -1 - 11453314?
-11453315
In base 3, what is -2 - 10000211101100?
-10000211101102
In base 10, what is 381349 + -71?
381278
In base 9, what is 4 + -12067333?
-12067328
In base 7, what is -30344405 + -3?
-30344411
In base 8, what is -113052357 + 10?
-113052347
In base 12, what is -36972 + -463?
-37215
In base 6, what is -101253202 - 51?
-101253253
In base 5, what is -103203 - 2340020?
-2443223
In base 10, what is -3 + -2740181?
-2740184
In base 3, what is 11 + 1002201121221000?
1002201121221011
In base 9, what is 5 + 16224352?
16224357
In base 4, what is -111220130 + -32?
-111220222
In base 3, what is -100 + 2222222201102?
2222222201002
In base 14, what is -ac9 + 57b1a?
57031
In base 12, what is 4201 + -17a95?
-13894
In base 16, what is -61b9cd - 3?
-61b9d0
In base 15, what is 11e - -21117?
21236
In base 12, what is -135 + -4a022?
-4a157
In base 16, what is d509b8 - -d?
d509c5
In base 11, what is 13288283 + 11?
13288294
In base 2, what is -10001001 - -110010101010000000?
110010100111110111
In base 10, what is -5150 